 ten thousands digit of 2657439?
5
What is the millions digit of 29133399?
9
What is the units digit of 655502?
2
What is the ten thousands digit of 377429?
7
What is the tens digit of 96911?
1
What is the tens digit of 6562628?
2
What is the hundreds digit of 2539817?
8
What is the ten thousands digit of 638783?
3
What is the units digit of 336641?
1
What is the units digit of 14304149?
9
What is the tens digit of 3588635?
3
What is the ten thousands digit of 9709540?
0
What is the tens digit of 344969?
6
What is the tens digit of 9940011?
1
What is the millions digit of 1876669?
1
What is the thousands digit of 401087?
1
What is the tens digit of 471452?
5
What is the thousands digit of 4595?
4
What is the tens digit of 1481227?
2
What is the thousands digit of 916248?
6
What is the millions digit of 1245528?
1
What is the hundreds digit of 12961372?
3
What is the units digit of 700795?
5
What is the hundred thousands digit of 157584?
1
What is the hundred thousands digit of 791738?
7
What is the hundred thousands digit of 127577?
1
What is the ten millions digit of 17532648?
1
What is the tens digit of 596002?
0
What is the thousands digit of 22402?
2
What is the tens digit of 7007810?
1
What is the millions digit of 23769503?
3
What is the millions digit of 3141412?
3
What is the thousands digit of 4045602?
5
What is the ten thousands digit of 18058670?
5
What is the hundreds digit of 159449?
4
What is the hundreds digit of 1354796?
7
What is the hundreds digit of 59303?
3
What is the thousands digit of 2655593?
5
What is the hundreds digit of 6753256?
2
What is the ten thousands digit of 3760796?
6
What is the hundreds digit of 322231?
2
What is the units digit of 6249592?
2
What is the thousands digit of 13352418?
2
What is the thousands digit of 181337?
1
What is the hundred thousands digit of 28291644?
2
What is the hundreds digit of 232507?
5
What is the ten thousands digit of 1899319?
9
What is the thousands digit of 506666?
6
What is the tens digit of 3235412?
1
What is the hundred thousands digit of 4865812?
8
What is the hundreds digit of 32015?
0
What is the thousands digit of 6183186?
3
What is the hundreds digit of 13932512?
5
What is the millions digit of 29794027?
9
What is the hundred thousands digit of 227906?
2
What is the hundred thousands digit of 11726891?
7
What is the tens digit of 86062?
6
What is the ten thousands digit of 2609713?
0
What is the tens digit of 8421?
2
What is the ten thousands digit of 21989962?
8
What is the tens digit of 11821597?
9
What is the tens digit of 19118607?
0
What is the hundreds digit of 336269?
2
What is the units digit of 1537810?
0
What is the hundred thousands digit of 26286694?
2
What is the tens digit of 238855?
5
What is the millions digit of 9021773?
9
What is the units digit of 29010800?
0
What is the hundreds digit of 616600?
6
What is the units digit of 1375039?
9
What is the hundred thousands digit of 2550409?
5
What is the hundreds digit of 1908132?
1
What is the tens digit of 3035576?
7
What is the hundred thousands digit of 2896900?
8
What is the tens digit of 493055?
5
What is the hundreds digit of 2310250?
2
What is the millions digit of 17880286?
7
What is the hundred thousands digit of 552642?
5
What is the hundreds digit of 466880?
8
What is the thousands digit of 17322476?
2
What is the ten millions digit of 15684982?
1
What is the hundred thousands digit of 293397?
2
What is the hundreds digit of 3003393?
3
What is the ten thousands digit of 445027?
4
What is the tens digit of 114843?
4
What is the ten thousands digit of 8107605?
0
What is the hundred thousands digit of 190799?
1
What is the thousands digit of 9631915?
1
What is the hundred thousands digit of 429265?
4
What is the millions digit of 3282664?
3
What is the hundreds digit of 14310611?
6
What is the hundred thousands digit of 7477317?
4
What is the millions digit of 10364979?
0
What is the hundred thousands digit of 286665?
2
What is the tens digit of 325507?
0
What is the hundreds digit of 33973?
9
What is the thousands digit of 36105815?
5
What is the hundreds digit of 798081?
0
What is the tens digit of 338231?
3
What is the ten millions digit of 27996443?
2
What is the units digit of 486033?
3
What is the units digit of 6264592?
2
What is the ten thousands digit of 22036?
2
What is the ten thousands digit of 169765?
6
What is the units digit of 453269?
9
What is the hundreds digit of 469446?
4
What is the ten thousands digit of 4728044?
2
What is the thousands digit of 97196?
7
What is the tens digit of 7891061?
6
What is the millions digit of 5849263?
5
What is the hundred thousands digit of 2759658?
7
What is the hundred thousands digit of 21247930?
2
What is the tens digit of 1601913?
1
What is the units digit of 234783?
3
What is the units digit of 1408633?
3
What is the hundred thousands digit of 1636216?
6
What is the ten thousands digit of 216920?
1
What is the millions digit of 1837844?
1
What is the tens digit of 1612846?
4
What is the units digit of 796095?
5
What is the hundreds digit of 24339478?
4
What is the hundreds digit of 652179?
1
What is the millions digit of 1620883?
1
What is the hundreds digit of 17974707?
7
What is the hundreds digit of 359516?
5
What is the thousands digit of 758009?
8
What is the hundreds digit of 12399893?
8
What is the tens digit of 888327?
2
What is the ten thousands digit of 752941?
5
What is the tens digit of 983878?
7
What is the units digit of 1968875?
5
What is the ten thousands digit of 2633941?
3
What is the thousands digit of 4132951?
2
What is the ten thousands digit of 8422664?
2
What is the tens digit of 1167019?
1
What is the thousands digit of 460878?
0
What is the tens digit of 471355?
5
What is the tens digit of 167810?
1
What is the ten millions digit of 21711145?
2
What is the millions digit of 14037521?
4
What is the tens digit of 12162962?
6
What is the tens digit of 708876?
7
What is the hundred thousands digit of 30515706?
5
What is the tens digit of 2314522?
2
What is the tens digit of 561082?
8
What is the hundred thousands digit of 1044527?
0
What is the units digit of 160996?
6
What is the tens digit of 730632?
3
What is the units digit of 234750?
0
What is the hundreds digit of 262321?
3
What is the units digit of 17161?
1
What is the hundreds digit of 83057?
0
What is the units digit of 219706?
6
What is the hundreds digit of 10487400?
4
What is the ten thousands digit of 1932936?
3
What is the hundred thousands digit of 11309809?
3
What is the hundred thousands digit of 5807135?
8
What is the hundreds digit of 10498539?
5
What is the units digit of 32697044?
4
What is the units digit of 1592974?
4
What is the tens digit of 440318?
1
What is the units digit of 139817?
7
What is the millions digit of 1170355?
1
What is the hundreds digit of 499184?
1
What is the hundred thousands digit of 1245854?
2
What is the units digit of 2514907?
7
What is the units digit of 2394647?
7
What is the millions digit of 8010060?
8
What is the tens digit of 9775323?
2
What is the ten thousands digit of 90326?
9
What is the tens digit of 957934?
3
What is the thousands digit of 311762?
1
What is the tens digit of 89926?
2
What is the hundred thousands digit of 492708?
4
What is the tens digit of 374362?
6
What is the tens digit of 237326?
2
What is the hundreds digit of 72590?
5
What is the hundred thousands digit of 8226948?
2
What is the tens digit of 1279435?
3
What is the thousands digit of 234295?
4
What is the hundred thousands digit of 211273?
2
What is the hundreds digit of 388225?
2
What is the ten thousands digit of 3302808?
0
What is the units digit of 17492368?
8
What is the thousands digit of 77886?
7
What is the millions digit of 1091547?
1
What is the ten thousands digit of 2073534?
7
What is the ten thousands digit of 39529?
3
What is the hundreds digit of 6471?
4
What is the units digit of 1361811?
1
What is the hundreds digit of 324733?
7
What is the tens digit of 181681?
8
What is the hundreds digit of 1133515?
5
What is the tens digit of 687502?
0
What is the thousands digit of 81980?
1
What is the thousands digit of 302365?
2
What is the units digit of 7044313?
3
What is the thousands digit of 3230482?
0
What is the ten 